{"id":462,"date":"2018-10-24T16:52:12","date_gmt":"2018-10-24T14:52:12","guid":{"rendered":"https:\/\/artam.de\/artam\/?post_type=product&#038;p=462"},"modified":"2025-11-17T13:31:28","modified_gmt":"2025-11-17T12:31:28","slug":"decke-raeder-mit-dreierschilde","status":"publish","type":"product","link":"https:\/\/artam.de\/artam\/produkt\/decke-raeder-mit-dreierschilde\/","title":{"rendered":"Decke &#8222;R\u00e4der mit Dreierschilde&#8220;"},"content":{"rendered":"<p>Dies ist eine hochwertige Tischdecke aus 75% Baumwolle 25 % Polyester, sie tr\u00e4gt das Motiv mit zwei R\u00e4dern in der Mitte und in den Ecken Dreierschilde. (Abbildung \u00e4hnlich)<br \/>\nWenn Ihr dieses Motiv auf einer anderen Deckenfarbe oder mit einer anderen Garnfarbe haben m\u00f6chtet, gebt dies im Bemerkungsfeld beim Bestellabschluss an.<\/p>\n","protected":false},"excerpt":{"rendered":"<p>Dies ist eine hochwertige Tischdecke aus 75% Baumwolle 25 % Polyester, sie tr\u00e4gt das Motiv mit zwei R\u00e4dern in der Mitte und in den Ecken Dreierschilde. (Abbildung \u00e4hnlich) Wenn Ihr dieses Motiv auf einer anderen Deckenfarbe oder mit einer anderen Garnfarbe haben m\u00f6chtet, gebt dies im Bemerkungsfeld beim Bestellabschluss an.<\/p>\n","protected":false},"featured_media":520,"template":"","meta":[],"product_brand":[],"product_cat":[33],"product_tag":[],"class_list":{"0":"post-462","1":"product","2":"type-product","3":"status-publish","4":"has-post-thumbnail","6":"product_cat-tischecken","7":"product_shipping_class-maxibrief","9":"first","10":"instock","11":"taxable","12":"shipping-taxable","13":"purchasable","14":"product-type-variable"},"_links":{"self":[{"href":"https:\/\/artam.de\/artam\/wp-json\/wp\/v2\/product\/462","targetHints":{"allow":["GET"]}}],"collection":[{"href":"https:\/\/artam.de\/artam\/wp-json\/wp\/v2\/product"}],"about":[{"href":"https:\/\/artam.de\/artam\/wp-json\/wp\/v2\/types\/product"}],"wp:featuredmedia":[{"embeddable":true,"href":"https:\/\/artam.de\/artam\/wp-json\/wp\/v2\/media\/520"}],"wp:attachment":[{"href":"https:\/\/artam.de\/artam\/wp-json\/wp\/v2\/media?parent=462"}],"wp:term":[{"taxonomy":"product_brand","embeddable":true,"href":"https:\/\/artam.de\/artam\/wp-json\/wp\/v2\/product_brand?post=462"},{"taxonomy":"product_cat","embeddable":true,"href":"https:\/\/artam.de\/artam\/wp-json\/wp\/v2\/product_cat?post=462"},{"taxonomy":"product_tag","embeddable":true,"href":"https:\/\/artam.de\/artam\/wp-json\/wp\/v2\/product_tag?post=462"}],"curies":[{"name":"wp","href":"https:\/\/api.w.org\/{rel}","templated":true}]}}