{"id":10892,"date":"2025-11-16T14:30:19","date_gmt":"2025-11-16T13:30:19","guid":{"rendered":"https:\/\/artam.de\/artam\/?post_type=product&#038;p=10892"},"modified":"2025-11-17T13:23:11","modified_gmt":"2025-11-17T12:23:11","slug":"anhaenger-yggdrasil-runen-925","status":"publish","type":"product","link":"https:\/\/artam.de\/artam\/produkt\/anhaenger-yggdrasil-runen-925\/","title":{"rendered":"Anh\u00e4nger Yggdrasil mit Runen"},"content":{"rendered":"<div class=\"product--description\">\n<p><strong>Anh\u00e4nger \u00d8 3 cm Yggdrasil mit Runen Silber\u00a0<\/strong><\/p>\n<p>Der Lebens- oder auch Weltenbaum ist mit einem Band aus Runen, aus dem Futhark-Runenalphabet umwoben.<\/p>\n<ul class=\"list-unstyled\">\n<li class=\"info-material\" title=\"Material\">Silber 925<\/li>\n<li class=\"info-size\" title=\"H\u00f6he x Breite x Tiefe\">\u00a04,90 cm \u00d7 3,70 cm \u00d7 5 mm (<abbr title=\"H\u00f6he x Breite x Tiefe\">H\u00d7B\u00d7T<\/abbr>)<\/li>\n<li class=\"info-weight\" title=\"Gewicht\">\u00a05,70 g<\/li>\n<\/ul>\n<\/div>\n","protected":false},"excerpt":{"rendered":"<p>Anh\u00e4nger \u00d8 3 cm Yggdrasil mit Runen Silber\u00a0 Der Lebens- oder auch Weltenbaum ist mit einem Band aus Runen, aus dem Futhark-Runenalphabet umwoben. Silber 925 \u00a04,90 cm \u00d7 3,70 cm \u00d7 5 mm (H\u00d7B\u00d7T) \u00a05,70 g<\/p>\n","protected":false},"featured_media":10893,"template":"","meta":[],"product_brand":[],"product_cat":[147,145],"product_tag":[196,202,211,209,195,200,212,210],"class_list":{"0":"post-10892","1":"product","2":"type-product","3":"status-publish","4":"has-post-thumbnail","6":"product_cat-kettenanhaenger","7":"product_cat-schmuck","8":"product_tag-anhaenger","9":"product_tag-frauen","10":"product_tag-lebensbaum","11":"product_tag-runen","12":"product_tag-schmuck","13":"product_tag-silber","14":"product_tag-weltenbaum","15":"product_tag-yggdrasil","16":"product_shipping_class-maxibrief","18":"first","19":"instock","20":"taxable","21":"shipping-taxable","22":"purchasable","23":"product-type-simple"},"_links":{"self":[{"href":"https:\/\/artam.de\/artam\/wp-json\/wp\/v2\/product\/10892","targetHints":{"allow":["GET"]}}],"collection":[{"href":"https:\/\/artam.de\/artam\/wp-json\/wp\/v2\/product"}],"about":[{"href":"https:\/\/artam.de\/artam\/wp-json\/wp\/v2\/types\/product"}],"wp:featuredmedia":[{"embeddable":true,"href":"https:\/\/artam.de\/artam\/wp-json\/wp\/v2\/media\/10893"}],"wp:attachment":[{"href":"https:\/\/artam.de\/artam\/wp-json\/wp\/v2\/media?parent=10892"}],"wp:term":[{"taxonomy":"product_brand","embeddable":true,"href":"https:\/\/artam.de\/artam\/wp-json\/wp\/v2\/product_brand?post=10892"},{"taxonomy":"product_cat","embeddable":true,"href":"https:\/\/artam.de\/artam\/wp-json\/wp\/v2\/product_cat?post=10892"},{"taxonomy":"product_tag","embeddable":true,"href":"https:\/\/artam.de\/artam\/wp-json\/wp\/v2\/product_tag?post=10892"}],"curies":[{"name":"wp","href":"https:\/\/api.w.org\/{rel}","templated":true}]}}