{"id":1004,"date":"2025-10-24T21:25:00","date_gmt":"2025-10-24T19:25:00","guid":{"rendered":"https:\/\/artam.de\/artam\/?post_type=product&#038;p=1004"},"modified":"2025-11-17T13:23:49","modified_gmt":"2025-11-17T12:23:49","slug":"geburtskissen","status":"publish","type":"product","link":"https:\/\/artam.de\/artam\/produkt\/geburtskissen\/","title":{"rendered":"Geburtskissen"},"content":{"rendered":"<p>Geburtskissen<\/p>\n<p>Wundersch\u00f6ne Erinnerungen zum Verschenken oder selbst behalten. Dieses Geburtskissen wird mit dem Namen, der K\u00f6rperl\u00e4nge, dem Geburtsgewicht und einem Motiv nach Wunsch aus unserem Sortiment bestickt. Gern k\u00f6nnen auch gesonderte Motivw\u00fcnsche, soweit m\u00f6glich, umgesetzt werden. Auch f\u00fcr Zwillinge sind diese Kissen (gegen Aufpreis) m\u00f6glich, beide Kissen werden mittels Schleifenb\u00e4ndern miteinander verbunden.<\/p>\n<p>Die Farben werden geschlechtsspezifisch von uns ausgew\u00e4hlt, nat\u00fcrlich werden auch konkrete Farbvorstellungen entgegengenommen.<\/p>\n<p>Bitte alle erforderlichen Daten und W\u00fcnsche in das Bemerkungsfeld eintragen. Solche Individualanfertigungen k\u00f6nnen nicht unversichert versendet werden.<\/p>\n<p>Das Kissen hat eine L\u00e4nge der Geburtsgr\u00f6\u00dfe entsprechend und wird mit Kirschkernen in bester Qualit\u00e4t und ohne chemische Vorbehandlung gef\u00fcllt, bis das Geburtsgewicht erreicht ist. Die H\u00f6he des Kissens betr\u00e4gt etwa 30 cm.<\/p>\n<p>Damit das Kissen trotzdem kuschelig ist, wird es mit Vlieswatte gepolstert.<\/p>\n<p>Die verwendeten Stoffe werden vor dem Vern\u00e4hen bereits einmal unter \u00f6kologischen Aspekten vorgewaschen, um Verf\u00e4rbungen und ein Verziehen nach dem Verarbeiten zu vermeiden.<\/p>\n<p>Das Kissen besteht aus<\/p>\n<p>100% Baumwollstoff<br \/>\nKirschkerne ohne chemische Vorbehandlung<br \/>\nGarn<br \/>\nWebband\/Spitze<br \/>\nVlieswatte<\/p>\n","protected":false},"excerpt":{"rendered":"<p>Geburtskissen Wundersch\u00f6ne Erinnerungen zum Verschenken oder selbst behalten. Dieses Geburtskissen wird mit dem Namen, der K\u00f6rperl\u00e4nge, dem Geburtsgewicht und einem Motiv nach Wunsch aus unserem Sortiment bestickt. Gern k\u00f6nnen auch gesonderte Motivw\u00fcnsche, soweit m\u00f6glich, umgesetzt werden. Auch f\u00fcr Zwillinge sind diese Kissen (gegen Aufpreis) m\u00f6glich, beide Kissen werden mittels Schleifenb\u00e4ndern miteinander verbunden. Die Farben werden [&hellip;]<\/p>\n","protected":false},"featured_media":1015,"template":"","meta":[],"product_brand":[],"product_cat":[38,47],"product_tag":[],"class_list":{"0":"post-1004","1":"product","2":"type-product","3":"status-publish","4":"has-post-thumbnail","6":"product_cat-geschenke","7":"product_cat-zur-geburt-zum-wiegenfest","8":"product_shipping_class-grosses-format","10":"first","11":"instock","12":"taxable","13":"shipping-taxable","14":"purchasable","15":"product-type-variable"},"_links":{"self":[{"href":"https:\/\/artam.de\/artam\/wp-json\/wp\/v2\/product\/1004","targetHints":{"allow":["GET"]}}],"collection":[{"href":"https:\/\/artam.de\/artam\/wp-json\/wp\/v2\/product"}],"about":[{"href":"https:\/\/artam.de\/artam\/wp-json\/wp\/v2\/types\/product"}],"wp:featuredmedia":[{"embeddable":true,"href":"https:\/\/artam.de\/artam\/wp-json\/wp\/v2\/media\/1015"}],"wp:attachment":[{"href":"https:\/\/artam.de\/artam\/wp-json\/wp\/v2\/media?parent=1004"}],"wp:term":[{"taxonomy":"product_brand","embeddable":true,"href":"https:\/\/artam.de\/artam\/wp-json\/wp\/v2\/product_brand?post=1004"},{"taxonomy":"product_cat","embeddable":true,"href":"https:\/\/artam.de\/artam\/wp-json\/wp\/v2\/product_cat?post=1004"},{"taxonomy":"product_tag","embeddable":true,"href":"https:\/\/artam.de\/artam\/wp-json\/wp\/v2\/product_tag?post=1004"}],"curies":[{"name":"wp","href":"https:\/\/api.w.org\/{rel}","templated":true}]}}